 13?
13
Let q = -972 - -1682. What is the greatest common factor of q and 20?
10
Let i(n) = -n**3 - 3*n**2 - 2*n - 2. Let x be i(-3). Let t = 0 + -1. Let z be (x/t)/(-4) + 2. Calculate the greatest common factor of z and 24.
3
Let b = 6 - 15. Let q(c) be the second derivative of -c**3/2 - 17*c**2/2 - 4*c. Let r be q(b). What is the highest common divisor of 15 and r?
5
Let d = -8 - -16. Suppose 0 = 4*s - 2*u - 296, 3*s - 352 = -2*s - 2*u. What is the greatest common divisor of s and d?
8
Suppose x + 5*k + 10 = 2*x, 0 = 2*x + 4*k + 8. Suppose -5*z = 10, 4*z = -x*c - c. Let d = c + 7. What is the highest common factor of d and 15?
15
Let z = -140 + 388. What is the greatest common factor of 279 and z?
31
Suppose 5*l - 9*l + 16 = 0. Calculate the greatest common divisor of l and 28.
4
Suppose -5*g = -11 + 31. Let n be (34/4 - g)*4. Suppose -5*v + 6*o - 2*o = -112, 0 = 2*v + o - n. Calculate the greatest common divisor of 3 and v.
3
Suppose 0 = -13*r + 10359 - 1298. Calculate the highest common factor of r and 34.
17
Let a = -15 + 47. Let z be ((-64)/80)/(2/(-720)). Calculate the greatest common divisor of a and z.
32
Suppose -2*w - 424 = -2*g, -5*g = 8*w - 6*w - 1025. Calculate the highest common factor of 18 and g.
9
Suppose -25*s + 9274 = -6251. What is the greatest common factor of 69 and s?
69
Suppose 197 = 3*s + 65. Let w be 42/4 - (-2)/(-4) - -1. Calculate the greatest common factor of s and w.
11
Let q(i) = -i**2 - 10*i - 7. Let z be q(-5). Let p = -574 - -586. What is the highest common divisor of z and p?
6
Let a = 20 + -11. Let o be 15*(a + -2 - 4). Let s = o + -31. Calculate the highest common factor of 98 and s.
14
Suppose 323 = 17*k - 0. What is the highest common divisor of k and 361?
19
Suppose -t - 4*z + 274 + 283 = 0, -2246 = -4*t + 2*z. What is the greatest common divisor of 51 and t?
51
Suppose -3*q - 5*u = 11, 3*q - 2*u - 25 = 2*u. Suppose -m - 4*m + 162 = q*c, 0 = 4*m + 4*c - 128. Calculate the greatest common divisor of m and 165.
33
Let j(q) = q**2 + 10*q - 4. Let c be j(-16). What is the greatest common divisor of 92 and c?
92
Let s = -8 - -78. Suppose -5*v + 50 = 4*o, -2*o = -6*o. Calculate the highest common divisor of v and s.
10
Let c(i) = -8*i**2 - 77*i - 32. Let z be c(-9). What is the greatest common divisor of 468 and z?
13
Suppose -j = -4*j + 6. Suppose 6*c = j*c + 188. Let b = c + -25. Calculate the highest common divisor of 55 and b.
11
Let z(f) = f**2 - 2*f + 21. Let d(g) = g**2 + 4*g. Let s be d(-4). Let c be z(s). Calculate the highest common factor of c and 105.
21
Let p(j) = 24*j - 45. Let a be p(3). What is the greatest common divisor of 459 and a?
27
Let b be (-8)/20 - 10941/(-15). What is the highest common divisor of b and 81?
81
Suppose -6*z + 1354 = -2*z + 5*u, 3*z = 5*u + 998. Calculate the highest common factor of z and 48.
48
Suppose -3*z = -4*n - 6, 0 = -3*n - 3*z - 0 + 6. Let g be (6 - n/(-1))*(-220)/(-6). What is the greatest common factor of 20 and g?
20
Suppose -39*n + 4*n = n - 2268. Suppose 0 = 5*f - f - 28. Calculate the greatest common factor of f and n.
7
Let g be (476/(-10))/(17/(-170) + 0). Calculate the greatest common factor of g and 28.
28
Let z = 80 + -49. Suppose -3*d + t + z = 0, -11 = -5*d - 3*t + 22. What is the highest common factor of 3 and d?
3
Let x = 42 - 80. Let d = x + 46. What is the greatest common divisor of d and 40?
8
Let q = -9 - -10. Let d(p) = -8*p - 7. Let z(y) = 7*y + 6. Let c(t) = 6*d(t) + 7*z(t). Let g be c(4). Calculate the greatest common factor of q and g.
1
Let k = 253 + -242. Calculate the greatest common factor of 2981 and k.
11
Suppose -11*y + 17*y - 162 = 0. Calculate the greatest common divisor of y and 15.
3
Let h = -410 - -432. Let i(o) = o - 3. Let r be i(5). Calculate the greatest common divisor of h and r.
2
Let v be 18/((2 - -1) + -1). Let o(w) = -w**2 + 9*w + 8. Let s be o(v). What is the highest common factor of 12 and s?
4
Let j = -1788 + 1802. What is the highest common factor of j and 672?
14
Let s(h) = 2*h**2 - 4*h + 2. Let t be s(2). Let l be -2*(-5)/t - 1. What is the highest common divisor of 36 and l?
4
Let d be 771/5 + 72/40 + -2. What is the greatest common divisor of 539 and d?
77
Suppose -l + 0*l + 3 = 0. Let j be 0*3*2/6. Suppose -24 = -l*o - j*o. Calculate the greatest common divisor of o and 24.
8
Let j = 519 + -429. Calculate the greatest common factor of 36 and j.
18
Let n(u) = -1 - 8*u + 24 - 2 - 5*u**2 + u**3 - 9*u**2. Let w be n(15). Calculate the highest common divisor of w and 84.
42
Let a = 11 + -11. Suppose -6*c + 2*c + 44 = a. Let l be 3/(9/3)*c. Calculate the highest common factor of l and 1.
1
Suppose 0 = 5*u + 30 - 0. Let b be (-1)/(8/4)*u. Suppose -4*y = -4*t, 0 = -t + 3*y + b - 13. What is the greatest common divisor of t and 40?
5
Let t = 8 - 5. Suppose -19 + 454 = -t*x. Let g be (-4)/22 + x/(-11). Calculate the highest common factor of g and 143.
13
Let u(a) = -114*a - 249. Let n be u(-6). What is the greatest common divisor of 15 and n?
15
Let a = 7 - -88. Let w be ((-1)/2)/(1/36). Let p be 6/3 + (-1 - w). What is the highest common divisor of a and p?
19
Let s = 336 - 334. Calculate the highest common divisor of 94 and s.
2
Let x(i) = i**3 - 7*i**2 - 8*i + 14. Let s = 19 - 10. Let o be x(s). Calculate the greatest common factor of o and 13.
13
Suppose 3*a + 199 = 301. What is the greatest common divisor of 4 and a?
2
Let r(t) = 4 + 2*t + t**2 - t - 2. Let i be r(-2). Suppose 0 = -b - i*b + 60. Calculate the highest common factor of b and 24.
12
Let g be (15 - 6)*(8/8 + 2). Calculate the greatest common factor of 1323 and g.
27
Let b = -460 + 472. Calculate the greatest common divisor of b and 564.
12
Suppose 4*k = 248 + 72. What is the greatest common factor of k and 340?
20
Let x = 4 - 3. Let n be ((-3)/9 + 2)/(6/18). Suppose 0 = -2*j - 10, -j - 25 = -n*h - 3*j. Calculate the highest common factor of h and x.
1
Suppose 0*p = o - 3*p - 267, 0 = 3*o + p - 811. What is the greatest common factor of 20 and o?
10
Let q = 255 - 138. Suppose -5*h - 7 = r, -2 - 7 = -3*r - 5*h. Let x(f) = f**2 - 7*f + 5. Let o be x(r). Calculate the greatest common divisor of q and o.
13
Let h(s) = 21*s - 89. Let b be h(5). Calculate the greatest common factor of 56 and b.
8
Let u = -24 + 57. Suppose 2*d + 4 = y, 3*y - d - u = -11. What is the highest common divisor of y and 4?
4
Let d be 5/((-80)/(-1152))*4/6. What is the greatest common divisor of d and 1104?
48
Suppose 0 = 7*k - 0*k - 35. Suppose k*p + 135 = 4*z, -2*z - 2*z = 2*p - 114. What is the highest common factor of 6 and z?
6
Suppose 0 = -5*t - q - q + 99, -90 = -4*t + 2*q. Calculate the highest common divisor of 12 and t.
3
Suppose -5*f - 2*s + 29 + 23 = 0, 5*s - 15 = -f. Calculate the greatest common factor of 15 and f.
5
Suppose -w + 2 = 0, -5*w = 4*v - 114 - 4. Calculate the greatest common divisor of 18 and v.
9
Let p = -741 + 777. What is the highest common factor of 153 and p?
9
Let g be ((-5)/4)/(6/(-24)). Suppose -2*d + 2*s + 0*s + 30 = 0, -4*d - g*s = -42. Calculate the greatest common factor of d and 65.
13
Suppose -41*t = -36*t - 130. Let c = -8 + t. Calculate the greatest common divisor of 162 and c.
18
Suppose 4*l + 202 = 3*g, -254 + 38 = -3*g - 3*l. Calculate the highest common factor of g and 14.
14
Let c be (-29 - 1)*12/(-30). What is the highest common divisor of 57 and c?
3
Suppose 6*o - 11*o = -770. Suppose -m = 3*h + 3*m - o, h - 45 = 5*m. Calculate the highest common divisor of h and 20.
10
Suppose 0 = 100*v - 116*v + 32. Calculate the greatest common factor of 6 and v.
2
Suppose -20 = -3*s + 10. Suppose 3*h + s = -5*t - 2*h, -2*h - 14 = -3*t. Calculate the greatest common divisor of 10 and t.
2
Let q(d) = -8*d + 19. Let w be q(3). Let m be w/(-3)*2*(-126)/(-3). What is the highest common divisor of m and 14?
14
Let o(v) = 48*v + 7. Let n be o(2). Let p = n - 99. Calculate the greatest common divisor of 44 and p.
4
Suppose 0 = -4*x + 20. Let l(y) = -11 + 3*y + 3 - 3. Let c be l(x). Calculate the highest common factor of c and 20.
4
Let v be 0 - 0 - (19 - 18). Let m be (v - 4/(-8))*4*-10. What is the greatest common factor of 5 and m?
5
Let s(y) = -5*y**3 + 2*y**2 - 2*y - 9. Let g be s(-2). What is the highest common factor of 301 and g?
43
Suppose